f m(2)?
4
Suppose 13 = 2*r - 0*j + j, 2*r - 16 = -2*j. Suppose -5*k + 4*t - 25 = 0, -k - 3*t = -0*k + r. Let b = k + 8. What is the units digit of b?
3
Let m = 657 - 307. Suppose q - m = -4*q. What is the units digit of q?
0
Let r = -3 + -8. Let k be (-277)/r - 4/22. Let l = 46 - k. What is the units digit of l?
1
Suppose 5*b - 1932 = 2*a, 5*a - 1156 = -2*b - 389. What is the tens digit of b?
8
Let d be 2/9 - (-1184)/18. Let i be (-3)/(-7) - 212/(-28). Suppose 4*l - 3*c - d + i = 0, -l + 4*c + 21 = 0. What is the tens digit of l?
1
Let t(j) be the third derivative of -j**6/120 - 2*j**5/15 + j**4/8 + 13*j**3/6 + 13*j**2. What is the tens digit of t(-9)?
6
What is the hundreds digit of (3 - (-1074 + 3))*10/15?
7
Suppose 15*r = 17*r - 268. Let c = -65 + r. What is the units digit of c?
9
Let x(m) = m + 10. Let w be x(-10). What is the hundreds digit of w + -5 - (1 - 216)?
2
Let c be (-159)/(-33) - (-6)/33. Suppose i = -0*r - c*r + 7, 2*r - 60 = -3*i. Let v = -18 + i. What is the units digit of v?
4
Let p(m) = -m**3 - 8*m**2 + m + 6. Let w be p(-8). Let v be 1 + (-3 - w) + 11. Let i = v + -7. What is the units digit of i?
4
Suppose -7*u + 12608 = u. Suppose 0 = f + 7*f - u. What is the units digit of f?
7
Let z = 824 + -488. What is the units digit of z?
6
What is the thousands digit of -1814*(2 + 4 + -7)?
1
Let w = 10669 + -6852. What is the units digit of w?
7
Let t(j) = -2*j + 21. Let d be t(9). Suppose -4*n + 115 = s, -4*n - n + d*s + 165 = 0. What is the units digit of n?
0
Let y be (-9)/(-9)*(5 - -1). Suppose y*x - 10*x = -76. What is the units digit of x?
9
Let o(z) = -z - 4. Let t be o(-6). Suppose t*k - 18 - 92 = 0. What is the units digit of k?
5
Let p = 437 - -94. Let l = p + -268. What is the tens digit of l?
6
Let s = -1753 - -5943. What is the units digit of s?
0
What is the hundreds digit of (-1)/(12 + (-123319)/10276)?
4
Suppose 41*c = 40*c + 820. What is the units digit of c?
0
Suppose 16 + 32 = -8*g. What is the units digit of ((-2)/(-3) - g/(-9)) + 99?
9
Let b(h) be the third derivative of h**4/8 - 2*h**3/3 + 3*h**2. What is the units digit of b(3)?
5
Let j(d) = 19*d + 1. Let p(f) = 2*f**2 + 10*f + 4. Let x be p(-5). What is the units digit of j(x)?
7
Let k(r) = -195*r + 589. What is the units digit of k(-22)?
9
Let a(i) = -i**2 + 2*i - 69. Let q be a(0). Let y = q - -267. What is the units digit of y?
8
Let v = -2696 - -4205. What is the thousands digit of v?
1
Let v(x) = x + 5. Let l be v(7). Suppose l = -9*b + 7*b. What is the units digit of ((-3)/(-2))/((-1)/b)?
9
Suppose 3*h - 2 = -5, -2*v - 5*h = -467. Let b = v - 109. What is the tens digit of b?
2
Let t(f) = 101*f - 3. Let u be t(1). Let d = u + -45. What is the units digit of d?
3
Let x(a) = -a**3 + 26*a**2 - 42*a + 29. What is the hundreds digit of x(24)?
1
Let c(r) = 88*r - 5. Suppose 8*h - 8 = 4*h. Let q be c(h). Suppose -q = -5*g + 2*a, -5*g = -3*a - 148 - 26. What is the units digit of g?
3
Suppose 5*v - 126 = g + 1897, 2*v = 5*g + 823. What is the units digit of v?
4
Suppose 4*k - 111 = k. Let o be (-560)/(-42)*(-6)/4. Let r = o + k. What is the units digit of r?
7
Let o(z) = 35*z**3 + 6*z**2 - 44*z + 2. What is the thousands digit of o(5)?
4
Suppose 56*z - 57*z + 638 = 0. What is the hundreds digit of z?
6
Let y(k) be the first derivative of 3*k**4/4 + k**3/3 + 7*k**2/2 - 2*k - 14. What is the hundreds digit of y(3)?
1
Let n = -44 + -36. Let d = -34 - n. Suppose -d = 4*y - 6*y. What is the tens digit of y?
2
Let n(c) = c**2 + 7*c + 6. Let v = 37 + -68. Let k = 23 + v. What is the units digit of n(k)?
4
Suppose 2*l + 8 = 20. What is the tens digit of 32*4/(l/3)?
6
Let s be (7/(7/246))/(9/6). Let r = 323 - s. What is the units digit of r?
9
Suppose -5*m = 2*u + u - 34, -4*m - 3*u = -26. Suppose -5*i = -3*x + 403, -m*i = -3*i + 25. What is the hundreds digit of x?
1
Suppose -40 = -v - 4*a, -v + 28 + 48 = -5*a. Let l = v + 7. What is the tens digit of l?
6
Suppose -2*t = -2*d - 56, 0*t - 2*t - d + 56 = 0. Let x = t - 24. Suppose -3*y = -g - 32, x*y + 3*g = 2*g + 52. What is the units digit of y?
2
Suppose -2*a = 2*a + 996. Let r = a - -130. Let m = -70 - r. What is the tens digit of m?
4
What is the tens digit of (-4950)/(-9) + 1 + 1 + 2?
5
Let g = -70 - -66. What is the units digit of (-65)/(-26) + (1 - (-6)/g)?
2
Let p = -11 + 11. Suppose 5*h - 10*h + 275 = p. What is the units digit of h?
5
Suppose -5*w + 2*h = -37, -11 = -w + 3*h - 1. Let l(n) = -3*n**3 + n**2 + 2*n + 1. Let x be l(-1). Suppose w = -x*o + 97. What is the units digit of o?
0
Let o(i) = 9*i**2 - 3*i + 4. Let s be o(-6). Let z = s - 218. What is the units digit of z?
8
Let m(u) = u**3 + 5*u**2 - u + 2. Let b be m(-5). Suppose 0 = b*g + g - 16. What is the units digit of g?
2
Let y(a) = -2*a + a + 4*a**2 - a + 1. Let k be y(3). Let f = k + 6. What is the units digit of f?
7
Suppose -2*w + 4*b + 3314 = 0, -b - 3311 = -10*w + 8*w. What is the hundreds digit of w?
6
Let t(b) be the first derivative of -8*b**2 - 59*b + 42. What is the tens digit of t(-12)?
3
Let c = 11 - 7. Suppose -16 = -c*s, 103 = 3*t - 2*s - 45. What is the tens digit of t?
5
Let o(j) be the third derivative of 0*j + 0 - 1/12*j**4 - 2/3*j**3 + 1/60*j**5 + 7*j**2. What is the units digit of o(-6)?
4
Suppose 2*x = 17 - 11. What is the units digit of ((-4)/((-40)/(-75)))/(x/(-68))?
0
Suppose -a - 2 = -3*a. Let s be 2*((-325)/(-10) + a). Let l = s + 10. What is the units digit of l?
7
Suppose 3*z - 9 = 3*k, 3*z = 2*k - 6*k - 5. Let o(r) = -2*r**2 + 2. Let v be o(k). Let j(x) = -2*x - 7. What is the units digit of j(v)?
5
Let t(b) = -b**2 - 7*b. Let v be t(-9). Let w = v + 30. What is the units digit of w?
2
Let a(n) = n**3 + 4*n**2 - 2*n - 1. Let c be a(-5). Let y be (-552)/c*(-4)/3. Let m = 81 + y. What is the units digit of m?
5
Let w = -179 + 22. Let t = w - -232. Suppose z + 1 = -m - 2*m, 0 = 5*z - m - t. What is the units digit of z?
4
Let m = -14 + 14. Suppose -2*j + m*j + 3*h + 43 = 0, -h = 4*j - 121. Suppose -3*r + j = u, u + 24 = 2*r + 4*u. What is the units digit of r?
9
Suppose 3*s + 2*d = -2*s + 230, 5*d - 69 = -s. Suppose m = k - s, -2*k - m - m = -92. Suppose -k = -4*l + 11. What is the tens digit of l?
1
Let z = -4 - -7. Let n = 5 - z. What is the units digit of 3 + 44 - 2*n?
3
Suppose l = 132 + 84. Let g = 405 - l. Suppose 0 = t + 5*b - 61, -t + 6*t = 4*b + g. What is the units digit of t?
1
Let a(f) = 3*f + 2. Let u be a(-3). What is the tens digit of 21/(-2)*60/u?
9
Suppose -5*i - 12 = -8*i. What is the units digit of 117 - (6/i)/(11/22)?
4
Suppose 27 = b + 2*b. Let r be (-4 - -1)/((-3)/15). What is the tens digit of (0 + b)*20/r?
1
Suppose -2*i + 0*j - j + 23 = 0, 2*i = 5*j + 17. Suppose -13 = -5*a - 2*o + i, 3*a - 3*o = 27. What is the tens digit of a/27 - (-356)/18?
2
Suppose -108*d = -101*d - 1806. What is the tens digit of d?
5
Let l(o) = -o**3 - 5*o**2 - 8*o + 4. Let x(n) = -n - 2. Let s be x(2). Let a be l(s). Suppose a*k - 2 = 18*k. What is the units digit of k?
1
Suppose 0 = -15*y + 17*y - 6. Suppose y*q - 459 = -5*f, 2*f + 7*q - 192 = 3*q. What is the units digit of f?
0
Suppose s - 1 = 2. Let n be 1 + 29 + 0 - s. Let d = 39 - n. What is the tens digit of d?
1
Let w(k) = 8*k**2 - 2*k + 162. What is the units digit of w(11)?
8
Suppose 5465 = 17*i - 9. What is the units digit of i?
2
Let y = 7407 - 5155. What is the thousands digit of y?
2
Suppose 2*p - 4*o = 7*p - 2217, 0 = 3*p - 3*o - 1314. What is the hundreds digit of p?
4
Let a be (4 - 4)/(-2) + (2 - -14). What is the tens digit of a/(-72) - 1136/(-9)?
2
Let s(f) = -2*f**2 + 9*f - 1. Let u be s(6). Let m(a) = a**3 + 18*a**2 - 19*a + 45. What is the tens digit of m(u)?
4
Let w = -150 - -468. Suppose -3*s + 0*v + 477 = v, -2*s - v = -w. What is the units digit of s?
9
Suppose p = s + 7, 4*p + s - 13 = -0*p. Suppose p*j = 20 + 8. Suppose -5*r + 53 = -j. What is the tens digit of r?
1
What is the units digit of 1*(5406/3 + 9)?
1
Let a = 2 - 2. Suppose a = 3*p - p - 4. Suppose p*z = 44 - 2. What is the tens digit of z?
2
Let l(s) = 0*s + 0 - 28*s - 4 + 7*s. Let u = 1 + -3. What is the units digit of l(u)?
8
Let x = -82 - -30. Let r = x + 92. What is the tens digit of r?
4
Suppose -2*s + 3865 = -62*f + 63*f, -2*f + 7725 = 5*s. What is the hundreds digit of f?